{"id":643,"date":"2017-11-27T12:08:10","date_gmt":"2017-11-27T12:08:10","guid":{"rendered":"http:\/\/neu.schuerchkoellreuter.ch\/?page_id=643"},"modified":"2017-11-30T12:45:56","modified_gmt":"2017-11-30T12:45:56","slug":"isabel-koellreuter","status":"publish","type":"page","link":"https:\/\/www.schuerchkoellreuter.ch\/?page_id=643","title":{"rendered":"Isabel Koellreuter"},"content":{"rendered":"<p>Geboren 1974 in Locarno, aufgewachsen in Rom und Basel.<\/p>\n<p>Studium der Geschichte, Kunstgeschichte und Volkswirtschaftslehre an den Universit\u00e4ten Basel und Salamanca.<\/p>\n<p>T\u00e4tig als wissenschaftliche Assistentin an der Hochschule f\u00fcr Soziale Arbeit in Luzern und als freischaffende Historikerin.<\/p>\n<p>2010 Gr\u00fcndung von <a href=\"http:\/\/www.schuerchkoellreuter.ch\/?page_id=472\">Sch\u00fcrch<\/a> &amp; Koellreuter.<\/p>\n<p>Engagiert w\u00e4hrend sieben Jahren als Pr\u00e4sidentin der Pro Juventute beider Basel und seit 2001 in verschiedenen Funktionen innerhalb der Sozialdemokratischen Partei Basel-Stadt, dazu seit 2013 als Vorstandsmitglied der Fachalumni Geschichte Basel.<\/p>\n<p>&nbsp;<\/p>\n","protected":false},"excerpt":{"rendered":"<p>Geboren 1974 in Locarno, aufgewachsen in Rom und Basel. Studium der Geschichte, Kunstgeschichte und Volkswirtschaftslehre an den Universit\u00e4ten Basel und Salamanca. T\u00e4tig als wissenschaftliche Assistentin an der Hochschule f\u00fcr Soziale Arbeit in Luzern und als freischaffende Historikerin. 2010 Gr\u00fcndung von Sch\u00fcrch &amp; Koellreuter. Engagiert w\u00e4hrend sieben Jahren als Pr\u00e4sidentin der Pro Juventute beider Basel und&hellip; <\/p>\n<p><a class=\"more-link\" href=\"https:\/\/www.schuerchkoellreuter.ch\/?page_id=643\">Read More &rarr;<\/a><\/p>\n","protected":false},"author":1,"featured_media":653,"parent":0,"menu_order":0,"comment_status":"closed","ping_status":"closed","template":"","meta":{"footnotes":""},"class_list":["post-643","page","type-page","status-publish","has-post-thumbnail","hentry"],"_links":{"self":[{"href":"https:\/\/www.schuerchkoellreuter.ch\/index.php?rest_route=\/wp\/v2\/pages\/643","targetHints":{"allow":["GET"]}}],"collection":[{"href":"https:\/\/www.schuerchkoellreuter.ch\/index.php?rest_route=\/wp\/v2\/pages"}],"about":[{"href":"https:\/\/www.schuerchkoellreuter.ch\/index.php?rest_route=\/wp\/v2\/types\/page"}],"author":[{"embeddable":true,"href":"https:\/\/www.schuerchkoellreuter.ch\/index.php?rest_route=\/wp\/v2\/users\/1"}],"replies":[{"embeddable":true,"href":"https:\/\/www.schuerchkoellreuter.ch\/index.php?rest_route=%2Fwp%2Fv2%2Fcomments&post=643"}],"version-history":[{"count":13,"href":"https:\/\/www.schuerchkoellreuter.ch\/index.php?rest_route=\/wp\/v2\/pages\/643\/revisions"}],"predecessor-version":[{"id":733,"href":"https:\/\/www.schuerchkoellreuter.ch\/index.php?rest_route=\/wp\/v2\/pages\/643\/revisions\/733"}],"wp:featuredmedia":[{"embeddable":true,"href":"https:\/\/www.schuerchkoellreuter.ch\/index.php?rest_route=\/wp\/v2\/media\/653"}],"wp:attachment":[{"href":"https:\/\/www.schuerchkoellreuter.ch\/index.php?rest_route=%2Fwp%2Fv2%2Fmedia&parent=643"}],"curies":[{"name":"wp","href":"https:\/\/api.w.org\/{rel}","templated":true}]}}

<p>Geboren 1974 in Locarno, aufgewachsen in Rom und Basel.</p>
<p>Studium der Geschichte, Kunstgeschichte und Volkswirtschaftslehre an den Universitäten Basel und Salamanca.</p>
<p>Tätig als wissenschaftliche Assistentin an der Hochschule für Soziale Arbeit in Luzern und als freischaffende Historikerin.</p>
<p>2010 Gründung von <a href="http://www.schuerchkoellreuter.ch/?page_id=472">Schürch</a> &amp; Koellreuter.</p>
<p>Engagiert während sieben Jahren als Präsidentin der Pro Juventute beider Basel und seit 2001 in verschiedenen Funktionen innerhalb der Sozialdemokratischen Partei Basel-Stadt, dazu seit 2013 als Vorstandsmitglied der Fachalumni Geschichte Basel.</p>
<p>&nbsp;</p>

<p>Geboren 1974 in Locarno, aufgewachsen in Rom und Basel. Studium der Geschichte, Kunstgeschichte und Volkswirtschaftslehre an den Universitäten Basel und Salamanca. Tätig als wissenschaftliche Assistentin an der Hochschule für Soziale Arbeit in Luzern und als freischaffende Historikerin. 2010 Gründung von Schürch &amp; Koellreuter. Engagiert während sieben Jahren als Präsidentin der Pro Juventute beider Basel und&hellip; </p>
<p><a class="more-link" href="https://www.schuerchkoellreuter.ch/?page_id=643">Read More &rarr;</a></p>
